mon divisor of 15 and p?
3
Let c be 1989/26 - 2/(-4). What is the greatest common divisor of c and 11?
11
Let o(f) = -21*f + 5. Let r be o(-1). Calculate the highest common divisor of r and 130.
26
Suppose k + 120 = 4*g - 0*g, 0 = g + 2*k - 21. What is the highest common divisor of 232 and g?
29
Suppose -2*o + 2 = -3*o. Let u be (o - -3)*3*3. What is the greatest common divisor of u and 18?
9
Suppose 2*i - 2 = -6. Let s be 6*i/9*-30. Let r(w) = -17*w - 1. Let a be r(-1). What is the highest common factor of s and a?
8
Let j be (-3 - -24) + 2 - 2. Suppose 0 = 3*b - j - 24. Calculate the greatest common divisor of b and 165.
15
Let t(p) = 352*p**2 + 4*p + 3. Let s be t(-1). What is the greatest common divisor of 27 and s?
27
Suppose -130 = -j + 46. What is the greatest common factor of 22 and j?
22
Suppose -5*s + 68 - 8 = 0. Let k = -6 + 6. Suppose k*y - 24 = -2*y. What is the greatest common divisor of y and s?
12
Let p(i) = -i**2 + 155. Let z be p(0). Let o = -78 + z. What is the highest common factor of 7 and o?
7
Let o be (-1)/(-1)*1 + 7. Suppose -o = -2*f + 26. Let a = -12 + f. Calculate the greatest common factor of 40 and a.
5
Let m(s) = -5*s + 9. Let v be m(-5). Calculate the highest common divisor of 85 and v.
17
Let n = -60 - -90. What is the highest common divisor of n and 120?
30
Let d be -2 + 1 + 68/2. Let c be (-3 + 5)*(-11)/(-2). Calculate the highest common divisor of c and d.
11
Let q = -182 + 280. What is the greatest common factor of 28 and q?
14
Suppose m - 5*m + 55 = -3*f, 4*f = -4. What is the greatest common factor of 91 and m?
13
Let r = -2 + 18. Calculate the highest common divisor of 2 and r.
2
Suppose 79 - 7 = 3*x. Suppose 3*v + v = x. Let r = 33 + -9. Calculate the greatest common factor of r and v.
6
Let s = -24 + 35. What is the highest common divisor of s and 121?
11
Let d be -2 + -3*40/(-12). Calculate the highest common divisor of d and 32.
8
Let u be (-14)/21*(-63)/2. Calculate the greatest common factor of 21 and u.
21
Let x be (128/(-20))/(6/(-15)). Let v(c) be the first derivative of c**3/3 + 32*c + 1. Let s be v(0). What is the greatest common divisor of s and x?
16
Suppose -4*u = 4*s - 138 - 242, 5*u - 3*s - 451 = 0. Suppose 0 = 3*y + 2*m - u, y + 0*y - 40 = 4*m. Calculate the greatest common factor of 16 and y.
16
Let i = 59 - 213. Let f = i + 274. Calculate the greatest common factor of 24 and f.
24
Let f = -35 + 50. What is the highest common divisor of 120 and f?
15
Suppose -9*y + 8*y + 15 = 0. What is the greatest common divisor of y and 5?
5
Let n be (75 + -3)*4/8. Calculate the highest common factor of n and 54.
18
Let c = 27 + -2. Suppose 5*q + 3*k = c, 5*q - k + 3*k = 25. Suppose 95 = -0*u + 5*u + q*i, -5*i = 5. What is the greatest common divisor of 4 and u?
4
Let p = 2 + 3. Let c(j) = -j**3 + 7*j**2 - 5*j - 3. Let g be c(p). Let v be ((-10)/6)/((-1)/33). Calculate the greatest common divisor of v and g.
11
Suppose -9*i + 14*i - 15 = 0. Suppose j - 3*q = i*j - 84, -5*q = -4*j + 124. What is the greatest common factor of j and 9?
9
Let u(m) = m**2 + 8*m + 7. Let y be u(-11). What is the highest common divisor of y and 5?
5
Suppose 2*v = -0*c + 4*c + 6, 6 = 3*c. Let a(y) = 3*y**3 - 3*y + 3. Let o be a(2). What is the highest common factor of v and o?
7
Suppose -4 = -t - 3*t. Suppose 12 = -4*o, -2*i = o - 0 + 1. Calculate the greatest common factor of i and t.
1
Let s be 1*-22*(2 + -5). Let v = s - 26. Calculate the greatest common divisor of v and 5.
5
Suppose 4*g = 0, l = -2*g - 2 + 5. Suppose 4*y - 12 = 0, -5*o + 7*y + 23 = l*y. What is the highest common divisor of o and 28?
7
Let l(p) = p**3 + p**2 + p - 2. Let d be l(0). Let o = -2 + -2. Let f be 2/o + (-13)/d. Calculate the highest common factor of f and 6.
6
Suppose 4*d = -81 + 561. Suppose -5*b - 2*w + 322 = 0, 2*b + w - d = -2*w. Suppose -4*g = -27 + 3. Calculate the greatest common factor of b and g.
6
Let l be 1/(-1) - (12 - 24). Calculate the highest common divisor of l and 77.
11
Let t = 4 + -6. Let f be (1/t)/((-3)/6). Suppose -4*s + f + 19 = 0. What is the greatest common factor of 5 and s?
5
Let u = -294 - -453. What is the highest common factor of 106 and u?
53
Let z(y) = y**2 + 2 + y**3 - 2*y**2 - 7*y**3 + y - 1. Let h be z(-1). Calculate the greatest common divisor of 45 and h.
5
Let u be 400/65 - 2/13. Calculate the greatest common divisor of u and 3.
3
Suppose 4*u = -0*u + 4, 2*u - 102 = -4*y. What is the highest common divisor of 225 and y?
25
Let l(d) = d**3 + 16*d**2 - 22*d - 21. Let b be l(-17). Calculate the highest common divisor of b and 48.
16
Suppose 7 - 27 = -5*b. Suppose -3*s = -7*s + b. Let k be (-23)/(-7) - 2/7. Calculate the highest common divisor of s and k.
1
Suppose -5*z = 4*c - 1042 - 345, -4*z + 1109 = 3*c. Calculate the highest common divisor of z and 25.
25
Let x be 4 + -1 + -1 - -589. Suppose 4*k + 210 = v, -3*v = 2*k - k - x. Calculate the greatest common divisor of v and 22.
22
Let q be (5/(-10))/(2/(-20)). Suppose 5*g = 5*h + 50, q*g = 2*h + 34 + 16. Suppose 5*s = 2*s + 120. Calculate the greatest common factor of s and g.
10
Suppose -2*m = 2*p, 0 = -3*p - 9*m + 4*m - 6. What is the greatest common factor of 3 and p?
3
Let g = -22 + 25. What is the highest common divisor of g and 6?
3
Suppose -2*u + 94 = 4*p, 2*u = 3*u + 3*p - 51. Suppose -2*c = c. Suppose -y + c = -26. Calculate the highest common factor of y and u.
13
Let c(i) be the second derivative of i**4/6 - i**3/3 + i**2/2 + i. Let a be c(1). Let z = 6 - a. Calculate the greatest common divisor of 10 and z.
5
Let u = -1 + 4. Let c be (8/14)/(22/77). Suppose -4*h + c = -u*h, -5*z + 4*h + 482 = 0. What is the greatest common divisor of z and 14?
14
Suppose 0 = -4*t - t + 25. What is the greatest common factor of t and 35?
5
Let x(y) = -y + 5. Let k = 9 - 1. Let g be x(k). Let b = 7 + g. What is the highest common divisor of b and 12?
4
Suppose 5*n - 3*n - 20 = 0. Let k be ((-8)/5)/(-2)*n. Suppose -4*g - 3*l = -60, 0 = -0*l - 2*l + k. Calculate the highest common divisor of g and 60.
12
Suppose -55 = -4*v + 137. Suppose 5*j - v = j. Suppose 0 = -0*t + 2*t - 24. What is the greatest common divisor of t and j?
12
Let d be 12 - 0*1/2. Let m be 1 - -1 - 8/(-2). What is the greatest common factor of d and m?
6
Suppose -4*k - 4 = 0, -4*a - a = 2*k + 2. Let p = 6 - 4. Suppose a*y - 320 = -p*y. What is the highest common divisor of 20 and y?
20
Suppose q + 8 = -q, 2*q = 2*p - 110. Calculate the greatest common divisor of p and 153.
51
Suppose -5*s + 43 = 4*q, -2*q + 3*s + 1 + 4 = 0. Calculate the greatest common factor of q and 56.
7
Let g = 5 + -14. Let j be (-6)/g + 32/6. Suppose -4*d + q = -31, -7*d - 5*q = -3*d - 61. Calculate the greatest common factor of j and d.
3
Suppose 0 = -4*g + 3*h + 1, g - 2 - 4 = -5*h. Let t be (2 - -5) + (-1)/g. Let o be 3/((-9)/t + 2). What is the greatest common factor of 48 and o?
6
Let a = 103 - 26. What is the highest common divisor of 11 and a?
11
Let d be (-30)/(-45) + 38/6. What is the greatest common divisor of 35 and d?
7
Let u be -2 - (-41)/(1 + -2). Suppose -6*x - 152 = -8*x. Let b = u + x. What is the greatest common factor of b and 3?
3
Let l be 172/(-6) + 4/(-12). Let c = l - -85. Suppose -4*w = -25 - 7. Calculate the greatest common divisor of w and c.
8
Suppose -4*z = 5*g - 671, 3*z + 678 = 2*g + 3*g. Let f be (-29 - -30)*15/1. Calculate the greatest common factor of f and g.
15
Suppose 4*v + v - 103 = -4*f, 5*f = 2*v + 104. Let b be f/2*(0 + 2). Let l be 312/b + (-6)/33. Calculate the highest common factor of 21 and l.
7
Let f = -22 + 42. Calculate the greatest common factor of 140 and f.
20
Let j(l) = -2*l + 5. Suppose -g - g = m - 15, 0 = -2*g + 2*m. Let h be j(g). Let n be 20*(h/2)/(-5). What is the highest common factor of 4 and n?
2
Let t = -40 - -57. Calculate the highest common factor of t and 17.
17
Let p(s) = -3*s - 21. Let x be p(-9). Suppose -3 = -5*j + 12. Suppose -j*z = -3 - x. What is the greatest common factor of 1 and z?
1
Let h(v) = v - 1. Let y(s) = -4*s + 4. Let k(u) = 3*h(u) + y(u). Let p be k(-4). What is the highest common factor of p and 15?
5
Let z be (-2)/(-1) - (-1 + 1). Suppose z*h + d - 5 - 4 = 0, -5*d + 12 = -h. Let j be (h/(-2))/(1/(-16)). What is the highest common divisor